 150 = -k, 2*k = -3*m + 129. Suppose 4*q + 13 = 5*h + m, -5*q - h + 69 = 0. What is the remainder when q is divided by 5?
3
Let q(c) = c**2 + 7*c. Let i be q(-8). Let m = i - -1. Suppose -4*s + 3*y = -20, 3*s + 0*y - 15 = -y. What is the remainder when m is divided by s?
4
Suppose 0 = 3*v + 2*v - 280. Suppose -2*h + 3*r + v = -2, -4*r = 4*h - 76. What is the remainder when h is divided by 8?
7
Calculate the remainder when 56 is divided by 0/(-10) + (-15)/(-1).
11
Let i(l) = 2*l**2 - 7*l + 2. What is the remainder when 60 is divided by i(5)?
9
Let n = 15 - 11. Suppose -32 = -4*z - 0*w - n*w, 5*z = w + 70. What is the remainder when z is divided by 7?
6
Suppose 3*d = -4*u - 69, 3*u + 20 = -3*d - 28. What is the remainder when 5/((-66)/u + -3) is divided by 9?
8
Suppose 0 = 3*k + 5*z - 42 + 136, -4*k + 3*z - 135 = 0. Let x = 1 - k. What is the remainder when x is divided by 12?
10
Suppose -1 = m + 2*w - 0, 0 = 4*m - 5*w - 35. Suppose -61 = -m*p + 119. Calculate the remainder when p is divided by 13.
10
Let j = -11 - 1. Let m = 26 + j. Calculate the remainder when ((-2)/(-6)*2)/((-2)/(-81)) is divided by m.
13
Suppose 5*j + j - 30 = 0. What is the remainder when j is divided by 4?
1
Suppose 34*y = 38*y - 4, -4*m + 163 = -y. Calculate the remainder when m is divided by (1/(-2))/((-2)/44).
8
Suppose 5*c = 5 + 15. Suppose -c*q + 12 = -q. What is the remainder when 66/q - 2/4 is divided by 6?
4
Suppose -4 = -2*y - 2. Let u(n) = 26*n**3 + n - 1. Calculate the remainder when u(y) is divided by 14.
12
Suppose i + 6 = -2*i, -4*m + 282 = 3*i. Calculate the remainder when m is divided by 15.
12
Calculate the remainder when (8/10)/((-16)/(-1160)) is divided by 15.
13
Let y(h) = h + 2. Let c be y(10). Suppose -13 = -r + c. Let f(l) = 3*l - 2. What is the remainder when r is divided by f(5)?
12
What is the remainder when -3 + 3/(-6)*-64 is divided by 16?
13
Let r(u) = -u**2 - 9*u + 8. Suppose 0 = 3*h + 2*h. What is the remainder when r(-8) is divided by -1 - h - -8 - 1?
4
Let n be 25/2*4/5. Suppose -n - 6 = -4*d. What is the remainder when 10 is divided by d?
2
Let r(y) = 5*y**2 - 2. Suppose 28*o - 52 = 27*o. Calculate the remainder when o is divided by r(-2).
16
Suppose 46 = 2*y + 16. What is the remainder when 207 is divided by y?
12
Suppose 3*m + 0*h - 4*h = 34, -m = -4*h - 6. Calculate the remainder when m is divided by 9.
5
What is the remainder when 9 is divided by (-9)/(0 - 0 - 1)?
0
Let w = -7 + 13. Calculate the remainder when (-44)/w*(-3)/2 is divided by 7.
4
Calculate the remainder when 45 is divided by (2/(-6))/(5/(-240)).
13
Let r = 3 - 1. Suppose g = 2*g - r. Let u = -1 + g. Calculate the remainder when u is divided by 1.
0
Let s = 3 + 2. Suppose 3*b - g = 285, 3*g + 440 + 35 = s*b. Calculate the remainder when b is divided by 24.
23
Suppose 15 = -5*r, 2*d - 4*r + r = 31. Calculate the remainder when 87 is divided by d.
10
Let p(k) = -k**2 + 7*k. Let c = -7 - -11. Suppose -3*o - 22 = -c*o. Calculate the remainder when o is divided by p(4).
10
What is the remainder when (-4 + -1)/1 + 16 is divided by 7?
4
Let l(w) = 4*w. Suppose -6 = -0*s - 2*s. Let q(f) = 2*f. Let c(y) = s*q(y) - 2*l(y). Calculate the remainder when c(-1) is divided by 2.
0
Let j(p) = 6*p + 4. Let h = 2 - 2. Suppose t - 2*y - 5 = h, -7*y + 4*y = -6. What is the remainder when j(2) is divided by t?
7
Calculate the remainder when 47 is divided by 7 - -1 - (-2 + 4).
5
Let m(s) = -2*s - 10. Let c be m(-10). What is the remainder when 41 is divided by (-12)/(-30) + 136/c?
13
Suppose 3*w + 5*y - 67 = 0, -2*y = -3*w + 3*y + 107. Calculate the remainder when w is divided by 15.
14
Let g(s) = s**3 - s**2 - 3*s - 5. Let o(h) = -h**2 - 8*h - 3. Let z be o(-7). Calculate the remainder when g(z) is divided by 11.
9
Let p = 30 + -15. Calculate the remainder when 41 is divided by p.
11
Let d(s) = -s**3 + 4*s + 6*s**2 + 3*s - 3*s - 4. Suppose -10*m = -6*m - 24. Calculate the remainder when 38 is divided by d(m).
18
Suppose -p + 12 = 3*p, -3*k - 3*p = -27. Suppose -16 = -5*l - 1. What is the remainder when k is divided by l?
0
Let w = -22 - -14. Let u = w + 12. What is the remainder when u is divided by (-22)/(-8) + 2/8?
1
Suppose 0 = 4*s - 3*y + 3, -y - 3*y + 23 = s. Calculate the remainder when 9 is divided by s.
0
Suppose 0*b + b + 5 = -2*p, 0 = 3*b + 3*p + 9. Let d(n) = n**2 - n - 1. Let g be d(b). What is the remainder when (-17)/(-3)*6/g is divided by 12?
10
Suppose -4*p = x - 70, 3*x + 1 = 2*p - 27. Calculate the remainder when p is divided by 9.
8
Suppose -2*u = -4, -4*u + 12 = a + 3*a. Suppose 3*i = -39 + 48. Calculate the remainder when i is divided by a.
0
Let j(c) = -14*c - 6. Let h be j(-4). Suppose h = n + 4*n. Suppose -44 = -4*y + 68. Calculate the remainder when y is divided by n.
8
Suppose -86 = -34*s + 32*s. Calculate the remainder when s is divided by 9.
7
What is the remainder when 8*(1 - 25)/(-3) is divided by 13?
12
Let u = 1 - -2. Suppose -5*z + u + 2 = 0. Suppose -4*s + s + m = 0, m - 1 = 2*s. Calculate the remainder when z is divided by s.
0
Suppose -3*o + 8*o - 57 = v, v - 31 = -3*o. Let p(w) = 2*w**2 - w - 2. Calculate the remainder when p(-3) is divided by o.
8
Let b(z) = -8*z**2 - 2*z**3 + 7*z + 5*z**3 - 2*z**3 + 2. Calculate the remainder when 4 is divided by b(7).
0
Suppose -8*z + 15 = -5*z. Suppose -a + z + 10 = 0. Calculate the remainder when a is divided by 3.
0
Let a(c) = -2*c. Let b be a(3). What is the remainder when 135/b*4/(-6) is divided by 4?
3
Suppose -l + 4 = 3*l. Let g be 7 - (2 + -1 - -1). Let a = g - l. Calculate the remainder when a is divided by 3.
1
Let j be 14/21 + 110/6. Let a = j - -28. What is the remainder when a is divided by 25?
22
Suppose -12 = -5*t + 83. What is the remainder when 35 is divided by t?
16
Let b = -47 - -84. Suppose -2*z + 9 + b = 0. Calculate the remainder when z is divided by 12.
11
Let r(q) = -7*q + 4. Let b be r(-6). Let i = b + -27. What is the remainder when i is divided by 5?
4
What is the remainder when 168 is divided by (-5 - -6)/((-1)/(-43))?
39
What is the remainder when 2/11 + 856/11 is divided by 20?
18
Let w = 2 + 4. Let v = -5 - -7. Suppose 0*g - 3 = 3*g - 3*o, v*o = -g + 14. What is the remainder when w is divided by g?
2
Let i be 12/8*(-8)/(-6). Suppose -2*k = -0*k - i. Calculate the remainder when 6 is divided by 1 - 1*(k + -4).
2
Let s(k) = k**3 - 4*k**2 - 7*k - 6. Let h be s(6). Suppose -t + 7 = -h. What is the remainder when t is divided by (22/8)/((-3)/(-12))?
9
Suppose u = -4*f + 1 + 25, 0 = -3*f - 2*u + 22. Calculate the remainder when f is divided by 4.
2
Suppose 8 = 2*y, -y - 2*y + 152 = 4*c. What is the remainder when c is divided by 1/3*(-2 - -59)?
16
Let m(z) = z**3 - 17*z**2 + 16*z + 15. Calculate the remainder when 41 is divided by m(16).
11
Let l(y) = y**3 + 1. Let f be l(0). What is the remainder when 4 is divided by 3 - 2 - (f + -3)?
1
Let z be 1*229 + (-24)/(-12). Calculate the remainder when (4/(-6))/((-22)/z) is divided by 5.
2
Suppose r = 3*p - 119, -r = -2 + 4. Calculate the remainder when p is divided by 21.
18
Let p = -52 - -70. Calculate the remainder when p is divided by 3.
0
Let k(p) = 34*p + 7. Let h be k(-5). Calculate the remainder when (-2)/(-8) - h/4 is divided by 14.
13
Suppose 4*z + a - 29 = -6, -4*z + a = -33. Suppose -2*c - 5 = -x, 0*x + 3*x - 51 = -3*c. What is the remainder when x is divided by z?
6
Let g = 15 - 5. Suppose 0*o = 5*o - 90. Calculate the remainder when o is divided by g.
8
Let v = 2 + 11. Suppose -5*a - 3*p = -4*p - 39, -3*p = 2*a - 2. Calculate the remainder when v is divided by a.
6
Let p = -95 - -165. Calculate the remainder when p is divided by 18.
16
What is the remainder when 4836/108 - 2/(-9) is divided by 28?
17
Suppose 0*m = 5*m - 30. Let d = 14 - 4. What is the remainder when d is divided by m?
4
Let y(k) = 6*k**2 - k + 1. Let s be y(1). Calculate the remainder when 39 is divided by (-1)/2*(-240)/s.
19
Let k = 26 - -14. What is the remainder when 3104/k - 3/5 is divided by 20?
17
What is the remainder when 50 is divided by -1*-2*52/8?
11
Let k(r) = -48*r**3 + 2*r**2 - 1. Let m(x) = 2*x - 11. Let y be m(5). What is the remainder when k(y) is divided by 17?
15
Suppose -3*c + 32 = -4. Calculate the remainder when c is divided by 7.
5
Suppose 2*w